{"id":4,"date":"2016-02-18T13:07:30","date_gmt":"2016-02-18T13:07:30","guid":{"rendered":"http:\/\/www.voluntadpanama.org\/home\/?page_id=4"},"modified":"2020-03-29T16:55:33","modified_gmt":"2020-03-29T16:55:33","slug":"la-fundacion","status":"publish","type":"page","link":"http:\/\/www.voluntadpanama.org\/home\/la-fundacion\/","title":{"rendered":"LA FUNDACI\u00d3N"},"content":{"rendered":"<p>MISI\u00d3N<\/p>\n<p>Fomentar e impulsar el desarrollo comunitario; promover y apoyar la creaci\u00f3n de empresas comunitarias autosustentables. Organizar las comunidades, potenciando las capacidades y valores de sus habitantes. Respaldar y alentar a la juventud en su proyecto de superaci\u00f3n individual y colectiva, orientando y reforzando sus valores, capacidades y actitudes.\u201d<\/p>\n<p>VISI\u00d3N<\/p>\n<p>Mejorar la calidad de vida y el bienestar comunitario mediante aportes de investigaci\u00f3n, educaci\u00f3n, tecnol\u00f3gicos, servicio social, empresas, cultura, deporte, recreaci\u00f3n, trabajo, salud, micro y mediana empresa, derechos humanos, desarrollo comunitario, vivienda, apoyo y desarrollo a las comunidades ind\u00edgenas.\u201d<\/p>\n<p>HISTORIA<\/p>\n<p>En su constante evoluci\u00f3n, el hombre ha aprendido a tener dominio del fuego, y as\u00ed mismo ha desarrollado la capacidad de trabajar, decidir y buscar soluciones a sus necesidades y problemas para su existencia y sobrevivencia.<\/p>\n<p>La evoluci\u00f3n es la consecuencia<\/p>\n<p>El fuego es el material<\/p>\n<p>La voluntad es la decisi\u00f3n<\/p>\n<p>La facultad que le permite al hombre poder elegir con ayuda de su conciencia la definimos como voluntad.<\/p>\n<p>As\u00ed como el fuego, la voluntad tiene tanta importancia en los primeros tiempos de vida del hombre, como en la actualidad. La voluntad con sus impulsos y fuerzas sigue siendo esencial para la evoluci\u00f3n inmutable de la especie humana.<\/p>\n<p>Los esfuerzos y sacrificios colectivos e individuales han cambiado. La decisi\u00f3n de esforzarse, luchar por su vida y por la de sus semejantes, ha sido motor de la existencia. Con la b\u00fasqueda de estimular, fortalecer, favorecer y respaldar la Voluntad en nuestro pa\u00eds, nace la Fundaci\u00f3n Voluntad Panam\u00e1.<\/p>\n<p>Una agrupaci\u00f3n que a\u00fan no termina de formarse, la que puede ser integrada por todos los que quieran ayudar a quienes necesiten un hombro en qu\u00e9 apoyarse, aquellos que reclaman ser fortalecidos en su decisi\u00f3n de lograr alguna meta o proyecto con que sue\u00f1an. Aun los p\u00e1rrafos de la historia de la voluntad en Panam\u00e1 todav\u00eda est\u00e1n por escribirse, t\u00fa puedes formar parte de este proyecto, para que trabajemos juntos en cambiar a nuestro pa\u00eds.<br \/>\nAp\u00f3yanos y forma parte de este movimiento!!! Fundaci\u00f3n Voluntad Panama<\/p>\n","protected":false},"excerpt":{"rendered":"<p>MISI\u00d3N Fomentar e impulsar el desarrollo comunitario; promover y apoyar la creaci\u00f3n de empresas comunitarias autosustentables. Organizar las comunidades, potenciando las capacidades y valores de sus habitantes. Respaldar y alentar a la juventud en su proyecto de superaci\u00f3n individual y colectiva, orientando y reforzando sus valores, capacidades y actitudes.\u201d VISI\u00d3N Mejorar la calidad de vida [&hellip;]<\/p>\n","protected":false},"author":1,"featured_media":0,"parent":0,"menu_order":0,"comment_status":"closed","ping_status":"closed","template":"","meta":[],"_links":{"self":[{"href":"http:\/\/www.voluntadpanama.org\/home\/wp-json\/wp\/v2\/pages\/4"}],"collection":[{"href":"http:\/\/www.voluntadpanama.org\/home\/wp-json\/wp\/v2\/pages"}],"about":[{"href":"http:\/\/www.voluntadpanama.org\/home\/wp-json\/wp\/v2\/types\/page"}],"author":[{"embeddable":true,"href":"http:\/\/www.voluntadpanama.org\/home\/wp-json\/wp\/v2\/users\/1"}],"replies":[{"embeddable":true,"href":"http:\/\/www.voluntadpanama.org\/home\/wp-json\/wp\/v2\/comments?post=4"}],"version-history":[{"count":2,"href":"http:\/\/www.voluntadpanama.org\/home\/wp-json\/wp\/v2\/pages\/4\/revisions"}],"predecessor-version":[{"id":108,"href":"http:\/\/www.voluntadpanama.org\/home\/wp-json\/wp\/v2\/pages\/4\/revisions\/108"}],"wp:attachment":[{"href":"http:\/\/www.voluntadpanama.org\/home\/wp-json\/wp\/v2\/media?parent=4"}],"curies":[{"name":"wp","href":"https:\/\/api.w.org\/{rel}","templated":true}]}}