{"id":74,"date":"2016-02-19T02:17:09","date_gmt":"2016-02-19T02:17:09","guid":{"rendered":"http:\/\/www.voluntadpanama.org\/home\/?page_id=74"},"modified":"2016-02-19T02:18:45","modified_gmt":"2016-02-19T02:18:45","slug":"fundacion-voluntad-en-la-comunidad-barrigon-en-penonome","status":"publish","type":"page","link":"http:\/\/www.voluntadpanama.org\/home\/fundacion-voluntad-en-la-comunidad-barrigon-en-penonome\/","title":{"rendered":"FUNDACI\u00d3N VOLUNTAD EN LA COMUNIDAD BARRIGON EN PENONOM\u00c9"},"content":{"rendered":"<p>JAN 04 2015<\/p>\n<table>\n<tbody>\n<tr>\n<td><a href=\"http:\/\/www.voluntadpanama.org\/home\/wp-content\/uploads\/2016\/02\/IMG_0426.jpg\" rel=\"attachment wp-att-26\"><img decoding=\"async\" loading=\"lazy\" class=\"alignleft size-medium wp-image-26\" src=\"http:\/\/www.voluntadpanama.org\/home\/wp-content\/uploads\/2016\/02\/IMG_0426-300x300.jpg\" alt=\"IMG_0426\" width=\"300\" height=\"300\" srcset=\"http:\/\/www.voluntadpanama.org\/home\/wp-content\/uploads\/2016\/02\/IMG_0426-300x300.jpg 300w, http:\/\/www.voluntadpanama.org\/home\/wp-content\/uploads\/2016\/02\/IMG_0426-150x150.jpg 150w, http:\/\/www.voluntadpanama.org\/home\/wp-content\/uploads\/2016\/02\/IMG_0426-768x768.jpg 768w, http:\/\/www.voluntadpanama.org\/home\/wp-content\/uploads\/2016\/02\/IMG_0426-1024x1024.jpg 1024w\" sizes=\"(max-width: 300px) 100vw, 300px\" \/><\/a><\/td>\n<td><a href=\"http:\/\/www.voluntadpanama.org\/home\/wp-content\/uploads\/2016\/02\/IMG_0642.jpg\" rel=\"attachment wp-att-30\"><img decoding=\"async\" loading=\"lazy\" class=\"alignleft size-medium wp-image-30\" src=\"http:\/\/www.voluntadpanama.org\/home\/wp-content\/uploads\/2016\/02\/IMG_0642-225x300.jpg\" alt=\"IMG_0642\" width=\"225\" height=\"300\" srcset=\"http:\/\/www.voluntadpanama.org\/home\/wp-content\/uploads\/2016\/02\/IMG_0642-225x300.jpg 225w, http:\/\/www.voluntadpanama.org\/home\/wp-content\/uploads\/2016\/02\/IMG_0642-768x1024.jpg 768w\" sizes=\"(max-width: 225px) 100vw, 225px\" \/><\/a><\/td>\n<td><a href=\"http:\/\/www.voluntadpanama.org\/home\/wp-content\/uploads\/2016\/02\/IMG_0626.jpg\" rel=\"attachment wp-att-29\"><img decoding=\"async\" loading=\"lazy\" class=\"alignleft size-medium wp-image-29\" src=\"http:\/\/www.voluntadpanama.org\/home\/wp-content\/uploads\/2016\/02\/IMG_0626-225x300.jpg\" alt=\"IMG_0626\" width=\"225\" height=\"300\" srcset=\"http:\/\/www.voluntadpanama.org\/home\/wp-content\/uploads\/2016\/02\/IMG_0626-225x300.jpg 225w, http:\/\/www.voluntadpanama.org\/home\/wp-content\/uploads\/2016\/02\/IMG_0626-768x1024.jpg 768w\" sizes=\"(max-width: 225px) 100vw, 225px\" \/><\/a><\/td>\n<\/tr>\n<tr>\n<td><a href=\"http:\/\/www.voluntadpanama.org\/home\/wp-content\/uploads\/2016\/02\/IMG_0621.jpg\" rel=\"attachment wp-att-28\"><img decoding=\"async\" loading=\"lazy\" class=\"alignleft size-medium wp-image-28\" src=\"http:\/\/www.voluntadpanama.org\/home\/wp-content\/uploads\/2016\/02\/IMG_0621-225x300.jpg\" alt=\"IMG_0621\" width=\"225\" height=\"300\" srcset=\"http:\/\/www.voluntadpanama.org\/home\/wp-content\/uploads\/2016\/02\/IMG_0621-225x300.jpg 225w, http:\/\/www.voluntadpanama.org\/home\/wp-content\/uploads\/2016\/02\/IMG_0621-768x1024.jpg 768w\" sizes=\"(max-width: 225px) 100vw, 225px\" \/><\/a><\/td>\n<td><a href=\"http:\/\/www.voluntadpanama.org\/home\/wp-content\/uploads\/2016\/02\/IMG_0611.jpg\" rel=\"attachment wp-att-27\"><img decoding=\"async\" loading=\"lazy\" class=\"alignleft size-medium wp-image-27\" src=\"http:\/\/www.voluntadpanama.org\/home\/wp-content\/uploads\/2016\/02\/IMG_0611-225x300.jpg\" alt=\"IMG_0611\" width=\"225\" height=\"300\" srcset=\"http:\/\/www.voluntadpanama.org\/home\/wp-content\/uploads\/2016\/02\/IMG_0611-225x300.jpg 225w, http:\/\/www.voluntadpanama.org\/home\/wp-content\/uploads\/2016\/02\/IMG_0611-768x1024.jpg 768w\" sizes=\"(max-width: 225px) 100vw, 225px\" \/><\/a><\/td>\n<td><\/td>\n<\/tr>\n<\/tbody>\n<\/table>\n<p>FUNDACI\u00d3N VOLUNTAD EN LA COMUNIDAD BARRIGON EN PENONOM\u00c9<br \/>\nLa Fundaci\u00f3n Voluntad dijo presente en la Comunidad Barrig\u00f3n de Penonom\u00e9 convocando a la comunidad en le iglesia San Isidro Labrador, donde decenas de ni\u00f1os recibieron sus respectivos regalos.<\/p>\n","protected":false},"excerpt":{"rendered":"<p>JAN 04 2015 FUNDACI\u00d3N VOLUNTAD EN LA COMUNIDAD BARRIGON EN PENONOM\u00c9 La Fundaci\u00f3n Voluntad dijo presente en la Comunidad Barrig\u00f3n de Penonom\u00e9 convocando a la comunidad en le iglesia San Isidro Labrador, donde decenas de ni\u00f1os recibieron sus respectivos regalos.<\/p>\n","protected":false},"author":1,"featured_media":0,"parent":0,"menu_order":0,"comment_status":"closed","ping_status":"closed","template":"","meta":[],"_links":{"self":[{"href":"http:\/\/www.voluntadpanama.org\/home\/wp-json\/wp\/v2\/pages\/74"}],"collection":[{"href":"http:\/\/www.voluntadpanama.org\/home\/wp-json\/wp\/v2\/pages"}],"about":[{"href":"http:\/\/www.voluntadpanama.org\/home\/wp-json\/wp\/v2\/types\/page"}],"author":[{"embeddable":true,"href":"http:\/\/www.voluntadpanama.org\/home\/wp-json\/wp\/v2\/users\/1"}],"replies":[{"embeddable":true,"href":"http:\/\/www.voluntadpanama.org\/home\/wp-json\/wp\/v2\/comments?post=74"}],"version-history":[{"count":2,"href":"http:\/\/www.voluntadpanama.org\/home\/wp-json\/wp\/v2\/pages\/74\/revisions"}],"predecessor-version":[{"id":79,"href":"http:\/\/www.voluntadpanama.org\/home\/wp-json\/wp\/v2\/pages\/74\/revisions\/79"}],"wp:attachment":[{"href":"http:\/\/www.voluntadpanama.org\/home\/wp-json\/wp\/v2\/media?parent=74"}],"curies":[{"name":"wp","href":"https:\/\/api.w.org\/{rel}","templated":true}]}}